) be the first derivative of -3*k**2/2 + 3*k + 19. What is f(3)?
-6
Let w(d) = d + 26. Let q be (60/(-14))/(222/1036). Determine w(q).
6
Let s(t) = -t**2 + 6*t + 4. Let m be s(6). Let d = m + -2. Suppose -2*r - 12 = -4*k, 0*k = d*r - 2*k + 10. Let o(v) = 2*v**2 + 5*v + 1. What is o(r)?
13
Let y(h) be the second derivative of -3*h + 1/20*h**5 + 1/2*h**2 - 1/4*h**4 - 1/3*h**3 + 2. Calculate y(4).
9
Let p(w) = -w**3 - 16*w**2 - w - 11. Let a be 4/(2*5/(-40)). What is p(a)?
5
Suppose -g - 9*x - 2 = -6*x, x - 26 = 3*g. Let r(o) = 2*o - 7. Let j(q) = 5*q - 14. Let s(u) = -4*j(u) + 9*r(u). Give s(g).
9
Let a(j) be the second derivative of j**4/12 - j**3/2 + 3*j**2/2 + 6*j. Let z be a(2). Let u(x) be the first derivative of -5*x**2/2 + x - 2. What is u(z)?
-4
Let t(l) = -l + 1. Let d(z) be the third derivative of -z**4/24 + 3*z**2. Let x(o) = 7*d(o) - 6*t(o). Let y be 3 + -10 - (-2 + 0). Give x(y).
-1
Let a(m) = m - 3*m + m - 5*m. Let u be (-16)/(-56) + (-166)/(-7). Let l = u + -22. Give a(l).
-12
Let b(j) = j**2 + 6*j + 1. Let o be (-1312)/(-112) - 12 - 26/7. What is b(o)?
-7
Let i(k) = 24*k - 144. Let n be i(6). Let c(p) = p**2 + p + 5. Calculate c(n).
5
Let y = -182 + 180. Let g(w) = -2*w**2 + w. Give g(y).
-10
Let x be 0/(8 - 6) - (2 - 3). Let l(b) = -19*b**3 + 2*b**2 - b + 1. Give l(x).
-17
Suppose -20 = -4*k - 16. Let d(c) = -6*c**2. Give d(k).
-6
Let r(y) = -y - 15. Let l be ((-80)/(-25))/((-12)/30). What is r(l)?
-7
Let i(y) = -8*y + 6 + y - y**2 + 3*y + 0*y + 3*y. Give i(-5).
-14
Let p(s) = -s**2 - 6*s + 8. Suppose 2*v - 3*y + 4 = -1, 0 = 4*v + y + 31. Calculate p(v).
1
Let p(h) = h**2 + 44*h + 72. Let b be p(-42). Let s(u) = 2*u + 15. Calculate s(b).
-9
Let k(v) = 0*v**2 - v**2 - v - 1 + 3*v**2. Suppose a = 2 + 14. Let w be a/(-6) + 4/6. Give k(w).
9
Let q(x) = x**2 + 3*x + 4. Let f be (7/(-4))/((-1)/4). Suppose 3*r = 4*j + f - 0, -10 = -2*r. Suppose -9 = j*s + s. Calculate q(s).
4
Let u(n) = 2*n**3 + n**2 - 11. Let g(r) = -r**3 - r**2 + r + 1. Let w(a) = g(a) + u(a). Let h(z) = -z**2 - 28*z - 27. Let q be h(-27). What is w(q)?
-10
Let r(d) = d**3 + d**2 + d - 2. Let w(m) = -7*m**3 + 4*m**2 + 4*m + 14. Let c(a) = -6*r(a) - w(a). Calculate c(11).
9
Let t(n) = n**2 - 12*n + 8. Let y be t(12). Let i(u) = 3*u - 24. Give i(y).
0
Let y(j) = j**2 - 1. Let c be y(-1). Let n(h) = h**2 - h + 5. Calculate n(c).
5
Let m(u) = u**2 + 10*u + 1. Suppose 3*c = 2*d - 39, -5*d + 5*c + 96 - 11 = 0. Suppose 9*a = d*a + 30. Give m(a).
1
Let y = 7 + -3. Suppose 2*n = 5*n + 4*r - y, 2*n + r = -4. Let w(h) = -6*h**2 - 3*h + 2*h**2 + 3*h**2. Give w(n).
-4
Let g = 28 + -25. Let a(p) = 23*p - 44*p + 22*p. Calculate a(g).
3
Let u(f) = -f**2 - 19*f + 2. Let n = -117 + 98. What is u(n)?
2
Let b(y) be the second derivative of -11*y**3/6 + 2*y**2 + 212*y + 3. Calculate b(-2).
26
Let i(z) = -z**3 + 7*z**2 + 20*z - 12. Let q be i(9). Let o(g) = -4*g - 6 - 2*g + 3*g + 2*g. Calculate o(q).
-12
Let n = -34 - -30. Let c(t) = t**3 - t**2. Let a(p) = -3*p**3 + 7*p**2 - 2*p - 3. Let v(k) = -a(k) - 4*c(k). Calculate v(n).
11
Let l = -48 - -51. Let i be 10/(-45)*6*l. Let m(w) = -2*w**2 - w**3 - 2*w + 2*w**2 - 4*w**2 - 5. What is m(i)?
3
Let m(o) = -o**2 - 4*o + 1. Let y(f) = -f**3 - 7*f**2 + 8*f - 4. Let j(s) = -3*s**2 - s + 2. Let x be j(1). Let h be -1*(3 + (3 - x)). Let w be y(h). Give m(w).
1
Let q(h) = -12 - 30 + 26 - 2*h. Determine q(-12).
8
Suppose -j - 20 = -6*j. Suppose 0*t + 4*t = 4*h - 36, -h - 16 = j*t. Let g(o) = -2*o + 4. Let b(z) = z - 3. Let x(i) = 7*b(i) + 5*g(i). Give x(t).
14
Suppose 2*p = 4*u - 16, -16 = -4*u - 0*p - 4*p. Let n be (-162)/(-30) + u/(-10). Let c(b) = 15*b - 19*b - b**3 + 7*b**2 - b**2 + 2. Calculate c(n).
7
Let t(r) = r + 2. Let i be t(6). Let l = i - 6. Let n(w) = 3 - 7*w - w**l - w**2 + 3*w**2. Calculate n(6).
-3
Let j = 731 - 728. Let c(t) be the second derivative of t - 1/6*t**j + 0*t**2 + 0. Give c(4).
-4
Let k(z) = z**3 + 215*z**2 - 415*z**2 + 206*z**2 + 4*z - 4. Suppose b - 6*s + 13 = -2*s, -5*b - 35 = -5*s. Determine k(b).
1
Let q(l) = l**3 - l - 7. Let o be ((-52)/20 - -2)*-15. Let f be (-9)/21 + 4/(84/o). Determine q(f).
-7
Let a(l) = -l - 9. Let s be a(-8). Let j = 7 + s. Let g(w) = 5 + w**3 + j*w**3 - 2*w**3 - 4. Determine g(1).
6
Let u(i) = 28*i**2 + 41*i + 4. Let h(d) = 19*d**2 + 29*d + 3. Let k(g) = 7*h(g) - 5*u(g). Calculate k(-2).
-23
Let u(w) be the first derivative of -1/2*w**2 + 4 + 3*w. Suppose s - 5*o - 3 - 14 = 0, 0 = 2*s + o + 10. Give u(s).
6
Let v(x) = 2*x**2 - x + 2. Suppose -3*s = -f + 9, 2*s + 8 = -0*s. Determine v(f).
23
Let r(i) = -12*i**2 - 18*i + 31. Let h(s) = 19*s**2 + 28*s - 46. Let d(a) = -5*h(a) - 8*r(a). Determine d(-7).
3
Let q(g) = g**2 - 2 - 3*g**3 - 44*g + 4*g**3 + 22*g + 23*g. Determine q(0).
-2
Let l(h) be the first derivative of -h**4/4 - h**3/3 - h**2/2 + 26*h + 214. What is l(0)?
26
Let p(l) be the second derivative of 0 - 1/8*l**4 - 6*l + 1/40*l**5 + 3/2*l**3 + 0*l**2. Let s(i) be the second derivative of p(i). Calculate s(2).
3
Let g = 28 + -26. Suppose i = -1, g*i + 1 = -2*p - 5. Let l(f) = -2*f**2 + f - 2. What is l(p)?
-12
Suppose -4*u + 4*l + 64 = 0, -18 - 62 = -5*u - 4*l. Suppose 2*i = 4 - u. Let o(y) = y**2 + 7*y + 5. Determine o(i).
-1
Let r(m) = -2*m**2 + 8*m - 1. Let v be r(5). Let a be (v - -11)/(8/2). Let o(b) = -b**2 + b + 5. What is o(a)?
5
Let p(u) = -u - 12. Let g(x) = 3*x + 25. Let n(f) = 2*g(f) + 5*p(f). What is n(7)?
-3
Suppose 72 + 12 = 2*j. Let v = -46 + j. Let i(y) = y**3 + 5*y**2 + 5*y + 1. What is i(v)?
-3
Let k(v) = v**3 + 3*v + 2. Let l be (-14)/49 + (-138)/7. Let x be ((-2)/(-4))/(5/l). Calculate k(x).
-12
Let f(o) = -o**2 + 14*o + 38. Let x(z) = -z**2 - 22*z - 89. Let k be x(-7). Calculate f(k).
6
Let i = 5 - -58. Suppose 14*x + i = 7*x. Let g(l) = -l - 16. Determine g(x).
-7
Let n(w) be the second derivative of w**4/12 - 3*w**3/2 + 9*w**2/2 + 2*w. Let h(b) = 10*b - 3. Let v be h(1). Determine n(v).
-5
Let d(y) = 2*y**3 + 3*y**2. Suppose -m = -0*m - 2*l + 19, -12 = -4*l. Let n = -15 - m. Calculate d(n).
-4
Let u = 102 - 109. Let a(c) = c + 17. Calculate a(u).
10
Let u(b) = -b + 13. Let x be u(9). Suppose -3*q = -4*m - 0 + 10, 3*m = 4*q + x. Let f(v) = -2 + 2 - v + 0*v + 1. Give f(q).
-1
Let b(a) = -38*a - 16 - 27*a + 64*a. Calculate b(0).
-16
Let g(c) = 2*c**2 - 263*c - 3*c**2 + 271*c - 2. What is g(5)?
13
Suppose 4 = 4*g, -5*d - 5*g - 15 - 75 = 0. Let c = -19 - d. Suppose 5*s + 3*i = c, 3*s + 4 = 6*s + i. Let j(k) = k**3 - 2*k**2 - 3*k + 2. Give j(s).
2
Let j(x) = 0*x - 2*x + 2*x - x. Let p = 10 + -7. Let n be -8*p/(-6) - 1. Give j(n).
-3
Suppose -5*w - 27 = 2*d - 10, 4*w = 2*d - 28. Let j(y) = 0*y + d*y + 1 - y. What is j(-2)?
-5
Let k(c) = c**2 - 3*c - 2. Let r be k(-2). Let m(z) = 2*z - 20. Let a(b) = -4*b + 44. Let q(f) = 3*a(f) + 7*m(f). Determine q(r).
8
Suppose 42 = b - 3*b. Let q = b - -24. Let a(w) = -3 - 1 - 1 + 2*w + q. What is a(6)?
10
Suppose y + 1 = 3*r, 5*r - 4 = -2*y + 4*y. Let v(g) = -g**3 - 6*g**2 + 7*g + 9. Give v(y).
9
Let b(a) = a**3 - 2*a**2 + 2*a - 3. Let y(l) = -l + 1. Suppose 0 = -0*k - 3*k + 6. Let i be (-1)/4*2*k. Let r be y(i). Calculate b(r).
1
Let x(c) = -c**2 - 11*c - 6. Suppose 16*k - 5*k = -110. Calculate x(k).
4
Let t = -48 + 39. Let n(w) = -w**3 - 2 + 8*w + 2 + 1 - 5 - 8*w**2. Determine n(t).
5
Suppose 558*t - 542*t = 64. Let o(g) be the second derivative of 0 + 1/6*g**4 - 1/20*g**5 + 2*g - g**2 + g**3. Calculate o(t).
-10
Let f(l) = 93 - 51 - l - 44. What is f(7)?
-9
Let m(c) be the third derivative of c**8/6720 + c**7/504 + c**6/120 - 7*c**4/8 + 4*c**2. Let t(w) be the second derivative of m(w). Give t(-4).
-8
Let a(w) = 36*w - 5. Let j(x) = 7*x - 1. Let k(y) = -2*a(y) + 11*j(y). Let p = -659 - -660. Determine k(p).
4
Let l(x) = x**2 + x. Suppose -3*k - 136 = k. Let a = k + 44. Suppose -7*n = -2*n - a. Give l(n).
6
Let c(h) = -3*h**3 + h**2 - h - 1. Let u be c(-1). Suppose 1 = -u*g + 29. Let v(l) = 22*l**2 - g*l - 4 + 24*l**2 - 47*l**2. Give v(-4).
8
Let y(s) = s**2 - 5*s - 31. Let f(l) = -l - 1. Let t(n) = -5*f(n) - y(n). What is t(12)?
12
Let a(i) = -i**3 - i - 1. Let h(p) = -6*p**3 - 11*p**2 - 16*p - 20. Let d(o) = -5*a(o) + h(o). Determine d(-10).
-5
Let h(y) = -y - 12. Let v be 3/15 - (-792)/(-110). Determine h(v).
-5
Let r(m) 